{"id":6800,"date":"2019-10-15T18:53:48","date_gmt":"2019-10-15T16:53:48","guid":{"rendered":"https:\/\/alnorte.net\/disenu-web\/"},"modified":"2022-09-09T10:58:50","modified_gmt":"2022-09-09T08:58:50","slug":"disenu-web","status":"publish","type":"page","link":"https:\/\/alnorte.net\/ast-es\/disenu-web\/","title":{"rendered":"Dise\u00f1u web"},"content":{"rendered":"<p>[et_pb_section fb_built=&#8221;1&#8243; module_id=&#8221;cabeceraSlider&#8221; _builder_version=&#8221;4.16&#8243; background_image=&#8221;https:\/\/alnorte.net\/wp-content\/uploads\/2022\/02\/alnorte-diseno-web-profesional-asturias-kit-digital-agentes.jpg&#8221; parallax=&#8221;on&#8221; width=&#8221;100%&#8221; max_width=&#8221;100%&#8221; custom_css_after=&#8221;content: %22%22;||top: 0;||left: 0;||bottom: 0;||right: 0;||position: absolute;||z-index: 1;||    background-image: url(&#8216;\/wp-content\/uploads\/2019\/10\/texture1.png&#8217;),linear-gradient(135deg,rgba(9,62,82,0.95) 52%,rgba(9,62,82,0.5) 40%) !important;||    background-color: rgba(255,255,255,0) !important;&#8221; da_disable_devices=&#8221;off|off|off&#8221; border_width_bottom=&#8221;2px&#8221; border_color_bottom=&#8221;#13c0d7&#8243; global_colors_info=&#8221;{}&#8221; da_is_popup=&#8221;off&#8221; da_exit_intent=&#8221;off&#8221; da_has_close=&#8221;on&#8221; da_alt_close=&#8221;off&#8221; da_dark_close=&#8221;off&#8221; da_not_modal=&#8221;on&#8221; da_is_singular=&#8221;off&#8221; da_with_loader=&#8221;off&#8221; da_has_shadow=&#8221;on&#8221;][et_pb_row column_structure=&#8221;2_3,1_3&#8243; _builder_version=&#8221;4.17.4&#8243; min_height=&#8221;320px&#8221; height=&#8221;320px&#8221; max_height=&#8221;320px&#8221; custom_margin=&#8221;-32px||||false|false&#8221; border_color_bottom=&#8221;#e0ad52&#8243; collapsed=&#8221;off&#8221; global_colors_info=&#8221;{}&#8221;][et_pb_column type=&#8221;2_3&#8243; _builder_version=&#8221;4.16&#8243; global_colors_info=&#8221;{}&#8221;][et_pb_text _builder_version=&#8221;4.16&#8243; _module_preset=&#8221;default&#8221; global_colors_info=&#8221;{}&#8221;]<\/p>\n<h1>Desenvolvimientu web<\/h1>\n<p>[\/et_pb_text][et_pb_slider arrows_custom_color=&#8221;rgba(0,0,0,0)&#8221; _builder_version=&#8221;4.16&#8243; animation_direction=&#8221;left&#8221; auto=&#8221;on&#8221; global_colors_info=&#8221;{}&#8221;][et_pb_slide heading=&#8221;Ayud\u00e1moste&#8221; _builder_version=&#8221;4.16&#8243; body_font_size=&#8221;18px&#8221; background_color=&#8221;rgba(0,0,0,0)&#8221; background_enable_color=&#8221;on&#8221; text_orientation=&#8221;left&#8221; global_colors_info=&#8221;{}&#8221; sticky_transition=&#8221;on&#8221;]<\/p>\n<p>a xestionar la to presencia n&#8217;internet<\/p>\n<p>[\/et_pb_slide][\/et_pb_slider][\/et_pb_column][et_pb_column type=&#8221;1_3&#8243; _builder_version=&#8221;4.16&#8243; background_enable_image=&#8221;off&#8221; global_colors_info=&#8221;{}&#8221;][et_pb_cta button_url=&#8221;https:\/\/alnorte.net\/ast-es\/axente-kit-digital-nasturies\/&#8221; button_text=&#8221;M\u00e1s informaci\u00f3n&#8221; admin_label=&#8221;CTA Kit Digital&#8221; module_class=&#8221;cta-menu&#8221; _builder_version=&#8221;4.17.4&#8243; _module_preset=&#8221;default&#8221; animation_direction=&#8221;right&#8221; saved_tabs=&#8221;all&#8221; global_colors_info=&#8221;{}&#8221;]<\/p>\n<p><img decoding=\"async\" class=\"wp-image-5256 alignnone size-full\" src=\"https:\/\/alnorte.net\/wp-content\/uploads\/2022\/02\/agente-digitalizador-kit-digital-asturias-gijon-oviedo-aviles.png\" alt=\"Agente digitalizador Kit Digital Asturias Gij\u00f3n Oviedo Avil\u00e9s\" width=\"213\" height=\"58\" \/><\/p>\n<h3>Somos agentes digitalizadores dentro del plan Kit Digital.<\/h3>\n<p>Descubre todo lo que podemos hacer por t\u00ed.<\/p>\n<p>[\/et_pb_cta][\/et_pb_column][\/et_pb_row][\/et_pb_section][et_pb_section fb_built=&#8221;1&#8243; module_id=&#8221;entamu&#8221; module_class=&#8221;fondoDiagonal01w&#8221; _builder_version=&#8221;4.17.4&#8243; _module_preset=&#8221;default&#8221; da_disable_devices=&#8221;off|off|off&#8221; global_colors_info=&#8221;{}&#8221; da_is_popup=&#8221;off&#8221; da_exit_intent=&#8221;off&#8221; da_has_close=&#8221;on&#8221; da_alt_close=&#8221;off&#8221; da_dark_close=&#8221;off&#8221; da_not_modal=&#8221;on&#8221; da_is_singular=&#8221;off&#8221; da_with_loader=&#8221;off&#8221; da_has_shadow=&#8221;on&#8221;][et_pb_row column_structure=&#8221;1_2,1_2&#8243; _builder_version=&#8221;4.16&#8243; _module_preset=&#8221;default&#8221; global_colors_info=&#8221;{}&#8221;][et_pb_column type=&#8221;1_2&#8243; _builder_version=&#8221;4.16&#8243; _module_preset=&#8221;default&#8221; global_colors_info=&#8221;{}&#8221;][et_pb_text _builder_version=&#8221;4.16&#8243; background_layout=&#8221;dark&#8221; custom_margin=&#8221;40px|||||&#8221; global_colors_info=&#8221;{}&#8221;]<\/p>\n<h2>visibilid\u00e1, la importancia de la presencia n&#8217;internet<\/h2>\n<p>Pensar que la presencia n&#8217;internet ye a cencielles un escaparate virtual pa&#8217;l nuestru negociu ye, a lo menos, desaprovechar la mayor\u00eda de les ventayes que la nos ufre la rede. Lo importante nun ye que nun vean, <strong>sin\u00f3n que nos alcuentren<\/strong>, y nesti sent\u00edu, al marxe del restu d&#8217;estratexes de marketing, y\u00e1 s\u00eda virtual o cl\u00e1sicu qu&#8217;apliquemos, el posicionamientu natural ye&#8217;l pres\u00e9u fundamental.<\/p>\n<p>Una web bien estructurada, que cumpla los requisitos d&#8217;accesibilid\u00e1, navegable dende distintos dispositivos, con un dise\u00f1u amigable con el buscadores y conten\u00edos actualiz\u00e1ivos regularmente va ser una web bien considerada polos buscadores, y poro, meyor asitiada result\u00e1inos vos de busca qu&#8217;ufierten.<\/p>\n<p>Otra de les ventayes de tener una bona presencia n&#8217;internet ye aprovechar la canal de comunicaci\u00f3n que crea col veceru, atender via online a les sos duldes o esmoliciones, y\u00e1 s\u00eda per email o nun chat, ayuda enforma a reforzar l&#8217;enfotu del veceru a la de contratar un serviciu o facer una compra, am\u00e1s d&#8217;ufiertate informaci\u00f3n real y continua de lo que busca na to empresa.<\/p>\n<p>[\/et_pb_text][\/et_pb_column][et_pb_column type=&#8221;1_2&#8243; _builder_version=&#8221;4.16&#8243; _module_preset=&#8221;default&#8221; global_colors_info=&#8221;{}&#8221;][\/et_pb_column][\/et_pb_row][et_pb_row column_structure=&#8221;1_2,1_2&#8243; _builder_version=&#8221;4.16&#8243; _module_preset=&#8221;default&#8221; global_colors_info=&#8221;{}&#8221;][et_pb_column type=&#8221;1_2&#8243; _builder_version=&#8221;4.16&#8243; _module_preset=&#8221;default&#8221; global_colors_info=&#8221;{}&#8221;][et_pb_text _builder_version=&#8221;4.16&#8243; background_layout=&#8221;dark&#8221; custom_margin=&#8221;40px|||||&#8221; global_colors_info=&#8221;{}&#8221;]<\/p>\n<h2>seried\u00e1, la importancia de cuntar con un dominiu d&#8217;empresa y navegaci\u00f3n segura<\/h2>\n<p>Ye importante nel desenvolvimientu d&#8217;un proxectu web caltener unes pautes d&#8217;estilu acordies cola imaxe corporativa de cada empresa, un dise\u00f1u cuid\u00e1u tresmite seried\u00e1, llo\u00f1e de les funcionalidades d&#8217;un simple perfil nuna rede social, la web tien de ser una estensi\u00f3n de la empresa, onde&#8217;l veceru potencial tien de sentise seguru. Nesti puntu, ye importante destacar la importancia de cuntar con un dominiu propiu, col nome de la empresa y con certificaci\u00f3n SSL que garantice la navegaci\u00f3n segura pela web.<\/p>\n<p>[\/et_pb_text][\/et_pb_column][et_pb_column type=&#8221;1_2&#8243; _builder_version=&#8221;4.16&#8243; _module_preset=&#8221;default&#8221; global_colors_info=&#8221;{}&#8221;][et_pb_text _builder_version=&#8221;4.16&#8243; background_layout=&#8221;dark&#8221; custom_margin=&#8221;40px|||||&#8221; global_colors_info=&#8221;{}&#8221;]<\/p>\n<h2>enfotu, la importancia de la imaxen nel dise\u00f1u d&#8217;una web<\/h2>\n<p>Una situaci\u00f3n que se repite davezu al entamar un proxectu web, tanto nel casu de webs corporatives como al desenvolver una tienda virtual, ye que los nuestros veceros desdexen la presentaci\u00f3n de la so empresa o los sos productos. Te ayudamos a mostrar el verdaderu valor del to negociu, y establecer esa relaci\u00f3n d&#8217;enfotu tan necesariu a la de captar un nuevu veceru.<\/p>\n<p>[\/et_pb_text][\/et_pb_column][\/et_pb_row][\/et_pb_section][et_pb_section fb_built=&#8221;1&#8243; module_id=&#8221;usabilid\u00e1-web&#8221; module_class=&#8221;fondoDiagonal02w&#8221; _builder_version=&#8221;4.16&#8243; _module_preset=&#8221;default&#8221; da_disable_devices=&#8221;off|off|off&#8221; global_colors_info=&#8221;{}&#8221; da_is_popup=&#8221;off&#8221; da_exit_intent=&#8221;off&#8221; da_has_close=&#8221;on&#8221; da_alt_close=&#8221;off&#8221; da_dark_close=&#8221;off&#8221; da_not_modal=&#8221;on&#8221; da_is_singular=&#8221;off&#8221; da_with_loader=&#8221;off&#8221; da_has_shadow=&#8221;on&#8221;][et_pb_row column_structure=&#8221;2_5,3_5&#8243; _builder_version=&#8221;4.16&#8243; _module_preset=&#8221;default&#8221; global_colors_info=&#8221;{}&#8221;][et_pb_column type=&#8221;2_5&#8243; _builder_version=&#8221;4.16&#8243; _module_preset=&#8221;default&#8221; global_colors_info=&#8221;{}&#8221;][\/et_pb_column][et_pb_column type=&#8221;3_5&#8243; _builder_version=&#8221;4.16&#8243; _module_preset=&#8221;default&#8221; global_colors_info=&#8221;{}&#8221;][et_pb_text _builder_version=&#8221;4.16&#8243; global_colors_info=&#8221;{}&#8221;]<\/p>\n<h2>usabilid\u00e1 web<\/h2>\n<h3>ayudamoste a meyorar la esperiencia d&#8217;usuariu de los tos veceros<\/h3>\n<p>Priorizar la <strong>esperiencia de usuariu<\/strong> ye esencial p&#8217;algamar l&#8217;\u00e9situ n&#8217;internet. La facilid\u00e1 cola que&#8217;l visitante atopa lo que busca nel to negociu al travi\u00e9s de la to p\u00e1xina web ye determinante a la de consiguir la conversi\u00f3n a compra o contrataci\u00f3n y amenorgar la tasa d&#8217;abandonu.<\/p>\n<ul>\n<li aria-level=\"1\">Estructuramos, entamamos y sintetizamos los tos conten\u00edos facilitando qu&#8217;el to veceru atope na to p\u00e1xina la informaci\u00f3n necesaria y ama\u00f1osa sobre los tos productos o servicios.<\/li>\n<li aria-level=\"1\">Dise\u00f1amos dende la simplicid\u00e1, ensin recargar el conten\u00edu gr\u00e1ficu y con una combinaci\u00f3n de colores que faciliten la llexibilid\u00e1 de los tos conten\u00edos.<\/li>\n<li aria-level=\"1\">Los nuestros dise\u00f1os af\u00e1yense a tou tipu de dispositivos, curiando&#8217;l correctu funcionamientu de la web en pantalles de toda mena, dende m\u00f3viles o tablets a monitores d&#8217;escritoriu m\u00e1s grandes.<\/li>\n<\/ul>\n<p>[\/et_pb_text][\/et_pb_column][\/et_pb_row][\/et_pb_section][et_pb_section fb_built=&#8221;1&#8243; _builder_version=&#8221;4.18.0&#8243; _module_preset=&#8221;default&#8221; background_color=&#8221;#FFFFFF&#8221; hover_enabled=&#8221;0&#8243; da_disable_devices=&#8221;off|off|off&#8221; global_colors_info=&#8221;{}&#8221; module_class=&#8221;fondoDiagonalNegro&#8221; sticky_enabled=&#8221;0&#8243; da_is_popup=&#8221;off&#8221; da_exit_intent=&#8221;off&#8221; da_has_close=&#8221;on&#8221; da_alt_close=&#8221;off&#8221; da_dark_close=&#8221;off&#8221; da_not_modal=&#8221;on&#8221; da_is_singular=&#8221;off&#8221; da_with_loader=&#8221;off&#8221; da_has_shadow=&#8221;on&#8221;][et_pb_row column_structure=&#8221;1_3,2_3&#8243; _builder_version=&#8221;4.16&#8243; _module_preset=&#8221;default&#8221; global_colors_info=&#8221;{}&#8221;][et_pb_column type=&#8221;1_3&#8243; _builder_version=&#8221;4.16&#8243; _module_preset=&#8221;default&#8221; global_colors_info=&#8221;{}&#8221;][et_pb_text _builder_version=&#8221;4.16&#8243; _module_preset=&#8221;default&#8221; global_colors_info=&#8221;{}&#8221;]<\/p>\n<h2>Otros servicios rellacionados<\/h2>\n<p>[\/et_pb_text][et_pb_cta title=&#8221;Marketing online&#8221; button_url=&#8221;@ET-DC@eyJkeW5hbWljIjp0cnVlLCJjb250ZW50IjoicG9zdF9saW5rX3VybF9wYWdlIiwic2V0dGluZ3MiOnsicG9zdF9pZCI6IjE2OTUifX0=@&#8221; button_text=&#8221;M\u00e1s Info&#8221; admin_label=&#8221;Marketig Digital&#8221; module_class=&#8221;oscurecer-box&#8221; _builder_version=&#8221;4.16&#8243; _dynamic_attributes=&#8221;button_url&#8221; header_level=&#8221;h1&#8243; header_font_size=&#8221;20px&#8221; body_font_size=&#8221;12px&#8221; body_line_height=&#8221;1.4em&#8221; background_enable_color=&#8221;off&#8221; background_image=&#8221;https:\/\/alnorte.net\/wp-content\/uploads\/2019\/10\/imnet-marketing-online-asturias.jpg&#8221; custom_button=&#8221;on&#8221; button_text_size=&#8221;14px&#8221; animation_style=&#8221;fade&#8221; animation_direction=&#8221;left&#8221; custom_css_main_element=&#8221;position:relative;top:0;left:0;bottom:0;right:0&#8243; global_colors_info=&#8221;{}&#8221; custom_css_main_element_last_edited=&#8221;on|phone&#8221; custom_css_main_element_tablet=&#8221;position:relative;top:0;left:0;bottom:0;right:0&#8243; custom_css_main_element_phone=&#8221;position:relative;top:0;left:0;bottom:0;right:0&#8243;]<\/p>\n<hr \/>\n<h2>Planes de Social Media Management<br \/>ajustados a tus necesidades<\/h2>\n<p>[\/et_pb_cta][et_pb_cta title=&#8221;Comerciu Electr\u00f3nicu&#8221; button_url=&#8221;@ET-DC@eyJkeW5hbWljIjp0cnVlLCJjb250ZW50IjoicG9zdF9saW5rX3VybF9wYWdlIiwic2V0dGluZ3MiOnsicG9zdF9pZCI6IjE2OTIifX0=@&#8221; button_text=&#8221;M\u00e1s Info&#8221; admin_label=&#8221;Comercio Electr\u00f3nico&#8221; module_class=&#8221;oscurecer-box&#8221; _builder_version=&#8221;4.16&#8243; _dynamic_attributes=&#8221;button_url&#8221; header_level=&#8221;h1&#8243; header_font_size=&#8221;20px&#8221; body_font_size=&#8221;12px&#8221; body_line_height=&#8221;1.4em&#8221; background_enable_color=&#8221;off&#8221; background_image=&#8221;https:\/\/alnorte.net\/wp-content\/uploads\/2021\/12\/disenio-tiendas-online-en-gijon-asturias-1.jpg&#8221; custom_button=&#8221;on&#8221; button_text_size=&#8221;14px&#8221; animation_style=&#8221;fade&#8221; animation_direction=&#8221;right&#8221; global_colors_info=&#8221;{}&#8221; custom_css_main_element_last_edited=&#8221;on|phone&#8221; custom_css_main_element_tablet=&#8221;position:relative;top:0;left:0;bottom:0;right:0&#8243; custom_css_main_element_phone=&#8221;position:relative;top:0;left:0;bottom:0;right:0&#8243;]<\/p>\n<hr \/>\n<h2>Descubre las posibilidades<br \/>de vender en internet<\/h2>\n<p>[\/et_pb_cta][\/et_pb_column][et_pb_column type=&#8221;2_3&#8243; _builder_version=&#8221;4.16&#8243; _module_preset=&#8221;default&#8221; global_colors_info=&#8221;{}&#8221;][et_pb_text admin_label=&#8221;Texto&#8221; _builder_version=&#8221;4.16&#8243; _module_preset=&#8221;default&#8221; global_colors_info=&#8221;{}&#8221;]<\/p>\n<h2 style=\"font-size:23px\">Noticies rellacionaes<\/h2>\n<p>[\/et_pb_text][et_pb_code _builder_version=&#8221;4.16&#8243; _module_preset=&#8221;default&#8221; global_colors_info=&#8221;{}&#8221;]\n\t\t\t<article id=\"post-6918\" class=\"et_pb_post post-6918 post type-post status-publish format-standard has-post-thumbnail hentry category-comerciu-electronicu category-destacaes category-disenu-web tag-asturies tag-comerciu-electronicu tag-disenu-web tag-kit-dixital\" style=\"position:relative\">\n\t\t\t\t\t\t\n\t\t\t\n\t\t\t\t<div class=\"fila postBlogCabecera\">\n\t\t\t\t\n\t\t\t\t\t\t\t\t\n\t\t\t\t<div class=\"col-1 col-1-md col-1-sm no-margin-left no-margin-right\">\n\t\t\t\t\t<div class=\"fecha\">\n\t\t\t\t\t\t<div class=\"dia\">26<\/div>\n\t\t\t\t\t\t<div class=\"mes\">Ago<\/div>\n\t\t\t\t\t\t<div class=\"anio\">2022<\/div>\n\t\t\t\t\t<\/div>\n\t\t\t\t<\/div>\n\t\t\t\t\n\t\t\t\t<div class=\"col-4 col-3-md hidden-sm\">\n\t\t\t\t\n\t\t\t\t<div class=\"item\">\n\t\t\t\t\t\t<div class=\"\">\n\t\t\t\t\t\t\t<a class=\"entry-featured-image-url imagen\" href=\"https:\/\/alnorte.net\/ast-es\/noticias\/kit-dixital-segunda-convocatoria-pa-micropymes\/\">\n\t\t\t\t\t\t\t\t<img decoding=\"async\" src=\"https:\/\/alnorte.net\/wp-content\/uploads\/2022\/08\/kit-digital-subvencion-asturias-alnorte.jpg\" alt=\"KIT DIXITAL: Segunda convocatoria pa micropymes\" class=\"\" width=\"1080\" height=\"675\" srcset=\"https:\/\/alnorte.net\/wp-content\/uploads\/2022\/08\/kit-digital-subvencion-asturias-alnorte.jpg 1080w, https:\/\/alnorte.net\/wp-content\/uploads\/2022\/08\/kit-digital-subvencion-asturias-alnorte-480x480.jpg 480w\" sizes=\"(min-width: 0px) and (max-width: 480px) 480px, (min-width: 481px) 1080px, 100vw\" \/>\t\t\t\t\t\t\t<\/a>\n\t\t\t\t\t\t<\/div>\n\t\t\t\t\t\t<\/div>\n\t\t\t\t\n\n\t\t\t\t\t\t\t\t\n\t\t\t\t<\/div>\n\t\t\t\t\t\n\t\t\t\t<div class=\"col-7 col-8-md col-11-sm\">\n\t\t\t\t\t\t<h2 class=\"entry-title\"><a href=\"https:\/\/alnorte.net\/ast-es\/noticias\/kit-dixital-segunda-convocatoria-pa-micropymes\/\">KIT DIXITAL: Segunda convocatoria pa micropymes<\/a><\/h2>\n\t\t\t\t\t\t<span class=\"metas\"><a href=\"https:\/\/alnorte.net\/ast-es\/noticias\/category\/comerciu-electronicu\/\">Comerciu electr\u00f3nicu<\/a> \/ <a href=\"https:\/\/alnorte.net\/ast-es\/noticias\/category\/destacaes\/\">Destacaes<\/a> \/ <a href=\"https:\/\/alnorte.net\/ast-es\/noticias\/category\/disenu-web\/\">Dise\u00f1u web<\/a><\/span>\n\t\t\t\t\t<div class=\"resumen hidden\">\n\t\t\t\t\tEl 2 de setiembre abre&#8217;l plazu pa la solicit\u00fa del Kit Dixital a les empreses d&#8217;ente 3 y 10 emplegaos al travi\u00e9s de la s\u00e9 electr\u00f3nica de Red.es col oxetivu de meyorar la competitivid\u00e1 y del so nivel de madurez dixital. El plazu pa presentar les solicit\u00faes...\t\t\t\t\t<\/div>\n\t\t\t\t\t\t\t\t<div class=\"tags\">\n\t\t\t\t\t\t\t\t\t<div class=\"tags\">\n\t\t\t\t\t\t<i class=\"fa fa-tag tag fa-1x\" aria-hidden=\"true\"><\/i>\n\t\t\t\t\t\t<a href=\"https:\/\/alnorte.net\/ast-es\/noticias\/tag\/asturies\/\">Asturies<\/a>, <a href=\"https:\/\/alnorte.net\/ast-es\/noticias\/tag\/comerciu-electronicu\/\">comerciu electronicu<\/a>, <a href=\"https:\/\/alnorte.net\/ast-es\/noticias\/tag\/disenu-web\/\">Dise\u00f1u web<\/a>, <a href=\"https:\/\/alnorte.net\/ast-es\/noticias\/tag\/kit-dixital\/\">Kit Dixital<\/a>\t\t\t\t\t<\/div>\n\t\t\t\t\t\t\t\t<\/div>\n\t\t\t\t\t\t\t\t<div class=\"postBlogLeermas et_pb_button_module_wrapper\">\n\t\t\t\t<a href=\"https:\/\/alnorte.net\/ast-es\/noticias\/kit-dixital-segunda-convocatoria-pa-micropymes\/\" class=\"more-link\">Read more<\/a>\n\t\t\t\t<\/div>\n\t\t\t\t<\/div>\n\t\t\t\t<\/div>\n\n\t\t\t\t\n\t\t\t\t<\/article> <!-- .et_pb_post -->\n\n\n\t\t\t<article id=\"post-6919\" class=\"et_pb_post post-6919 post type-post status-publish format-standard has-post-thumbnail hentry category-comerciu-electronicu category-destacaes tag-acelerapyme-ast-es tag-comerciu-electronicu tag-nueves-tecnoloxies\" style=\"position:relative\">\n\t\t\t\t\t\t\n\t\t\t\n\t\t\t\t<div class=\"fila postBlogCabecera\">\n\t\t\t\t\n\t\t\t\t\t\t\t\t\n\t\t\t\t<div class=\"col-1 col-1-md col-1-sm no-margin-left no-margin-right\">\n\t\t\t\t\t<div class=\"fecha\">\n\t\t\t\t\t\t<div class=\"dia\">04<\/div>\n\t\t\t\t\t\t<div class=\"mes\">Dic<\/div>\n\t\t\t\t\t\t<div class=\"anio\">2021<\/div>\n\t\t\t\t\t<\/div>\n\t\t\t\t<\/div>\n\t\t\t\t\n\t\t\t\t<div class=\"col-4 col-3-md hidden-sm\">\n\t\t\t\t\n\t\t\t\t<div class=\"item\">\n\t\t\t\t\t\t<div class=\"\">\n\t\t\t\t\t\t\t<a class=\"entry-featured-image-url imagen\" href=\"https:\/\/alnorte.net\/ast-es\/noticias\/la-importancia-del-ecommerce-na-tresformacion-dixital-de-la-to-empresa\/\">\n\t\t\t\t\t\t\t\t<img decoding=\"async\" src=\"https:\/\/alnorte.net\/wp-content\/uploads\/2021\/12\/estrategias-marketing-online-en-asturias.jpg\" alt=\"La importancia del ecommerce na tresformaci\u00f3n dixital de la to empresa\" class=\"\" width=\"1080\" height=\"675\" srcset=\"https:\/\/alnorte.net\/wp-content\/uploads\/2021\/12\/estrategias-marketing-online-en-asturias.jpg 1080w, https:\/\/alnorte.net\/wp-content\/uploads\/2021\/12\/estrategias-marketing-online-en-asturias-480x240.jpg 480w\" sizes=\"(min-width: 0px) and (max-width: 480px) 480px, (min-width: 481px) 1080px, 100vw\" \/>\t\t\t\t\t\t\t<\/a>\n\t\t\t\t\t\t<\/div>\n\t\t\t\t\t\t<\/div>\n\t\t\t\t\n\n\t\t\t\t\t\t\t\t\n\t\t\t\t<\/div>\n\t\t\t\t\t\n\t\t\t\t<div class=\"col-7 col-8-md col-11-sm\">\n\t\t\t\t\t\t<h2 class=\"entry-title\"><a href=\"https:\/\/alnorte.net\/ast-es\/noticias\/la-importancia-del-ecommerce-na-tresformacion-dixital-de-la-to-empresa\/\">La importancia del ecommerce na tresformaci\u00f3n dixital de la to empresa<\/a><\/h2>\n\t\t\t\t\t\t<span class=\"metas\"><a href=\"https:\/\/alnorte.net\/ast-es\/noticias\/category\/comerciu-electronicu\/\">Comerciu electr\u00f3nicu<\/a> \/ <a href=\"https:\/\/alnorte.net\/ast-es\/noticias\/category\/destacaes\/\">Destacaes<\/a><\/span>\n\t\t\t\t\t<div class=\"resumen hidden\">\n\t\t\t\t\t<p>El y-commerce convirti\u00f3se nuna ferramienta clave p&#8217;afalar a les pymes nel so tresformamientu dixital y tamien, na so modernizaci\u00f3n y adaptaci\u00f3n a los vezos nuevos de consumu como a la nueva realid\u00e1.<\/p>\n\t\t\t\t\t<\/div>\n\t\t\t\t\t\t\t\t<div class=\"tags\">\n\t\t\t\t\t\t\t\t\t<div class=\"tags\">\n\t\t\t\t\t\t<i class=\"fa fa-tag tag fa-1x\" aria-hidden=\"true\"><\/i>\n\t\t\t\t\t\t<a href=\"https:\/\/alnorte.net\/ast-es\/noticias\/tag\/acelerapyme-ast-es\/\">acelerapyme<\/a>, <a href=\"https:\/\/alnorte.net\/ast-es\/noticias\/tag\/comerciu-electronicu\/\">comerciu electronicu<\/a>, <a href=\"https:\/\/alnorte.net\/ast-es\/noticias\/tag\/nueves-tecnoloxies\/\">nueves tecnoloxies<\/a>\t\t\t\t\t<\/div>\n\t\t\t\t\t\t\t\t<\/div>\n\t\t\t\t\t\t\t\t<div class=\"postBlogLeermas et_pb_button_module_wrapper\">\n\t\t\t\t<a href=\"https:\/\/alnorte.net\/ast-es\/noticias\/la-importancia-del-ecommerce-na-tresformacion-dixital-de-la-to-empresa\/\" class=\"more-link\">Read more<\/a>\n\t\t\t\t<\/div>\n\t\t\t\t<\/div>\n\t\t\t\t<\/div>\n\n\t\t\t\t\n\t\t\t\t<\/article> <!-- .et_pb_post -->\n\n[\/et_pb_code][\/et_pb_column][\/et_pb_row][\/et_pb_section]<\/p>\n","protected":false},"excerpt":{"rendered":"<p>Una web bien estructurada, que cumpla los requisitos d&#8217;accesibilid\u00e1, navegable dende distintos dispositivos, con un dise\u00f1u amigable con el buscadores y conten\u00edos actualizaos regularmente va ser una web bien considerada polos buscadores, y poro, meyor asitiada nos resultaos de busca qu&#8217;ufierten.<\/p>\n","protected":false},"author":1,"featured_media":6591,"parent":0,"menu_order":0,"comment_status":"closed","ping_status":"closed","template":"","meta":{"_seopress_robots_primary_cat":"","_seopress_titles_title":"","_seopress_titles_desc":"","_seopress_robots_index":"","_et_pb_use_builder":"on","_et_pb_old_content":"","_et_gb_content_width":"","footnotes":""},"class_list":["post-6800","page","type-page","status-publish","has-post-thumbnail","hentry"],"_links":{"self":[{"href":"https:\/\/alnorte.net\/ast-es\/wp-json\/wp\/v2\/pages\/6800","targetHints":{"allow":["GET"]}}],"collection":[{"href":"https:\/\/alnorte.net\/ast-es\/wp-json\/wp\/v2\/pages"}],"about":[{"href":"https:\/\/alnorte.net\/ast-es\/wp-json\/wp\/v2\/types\/page"}],"author":[{"embeddable":true,"href":"https:\/\/alnorte.net\/ast-es\/wp-json\/wp\/v2\/users\/1"}],"replies":[{"embeddable":true,"href":"https:\/\/alnorte.net\/ast-es\/wp-json\/wp\/v2\/comments?post=6800"}],"version-history":[{"count":0,"href":"https:\/\/alnorte.net\/ast-es\/wp-json\/wp\/v2\/pages\/6800\/revisions"}],"wp:featuredmedia":[{"embeddable":true,"href":"https:\/\/alnorte.net\/ast-es\/wp-json\/wp\/v2\/media\/6591"}],"wp:attachment":[{"href":"https:\/\/alnorte.net\/ast-es\/wp-json\/wp\/v2\/media?parent=6800"}],"curies":[{"name":"wp","href":"https:\/\/api.w.org\/{rel}","templated":true}]}}